In base 13, what is 85 - -1b93b?
1b9c3
In base 11, what is 2992 + 40?
2a22
In base 16, what is -8358a + 3?
-83587
In base 16, what is 11 + 83d?
84e
In base 10, what is -14 + 10778?
10764
In base 15, what is 1 - 5215?
-5214
In base 6, what is 300025 - 4?
300021
In base 12, what is -43 + -298?
-31b
In base 7, what is -11 + -1431225?
-1431236
In base 11, what is 7 + 295123?
29512a
In base 12, what is 1b3 + 2099?
2290
In base 14, what is 1a52 - -57?
1aa9
In base 7, what is 313 - -2121?
2434
In base 10, what is 148735 - -14?
148749
In base 12, what is -107b - 34?
-10b3
In base 2, what is -1001110100010 + 101011111?
-1001001000011
In base 12, what is 591 - 5a?
533
In base 15, what is 0 + -6dc0?
-6dc0
In base 15, what is d035e + 1?
d0360
In base 3, what is 21120020 - 2002?
21111011
In base 15, what is 0 + bac9?
bac9
In base 11, what is -1 + -521762?
-521763
In base 13, what is 22 - -2625?
2647
In base 2, what is -111001001010 - -11010110?
-110101110100
In base 16, what is 14525 + -5?
14520
In base 3, what is -2021 - 12020221?
-12100012
In base 11, what is -422 + -53?
-475
In base 11, what is 1 + 399?
39a
In base 6, what is 3 - 300344?
-300341
In base 6, what is 4 + 111150?
111154
In base 15, what is 56 + 30b?
362
In base 6, what is 505 - 2242?
-1333
In base 4, what is -20002 + -32111?
-112113
In base 5, what is -4123 + -12302?
-21430
In base 13, what is 1914 - b4?
1830
In base 4, what is -2223331103 - 0?
-2223331103
In base 5, what is -4 - 2344421?
-2344430
In base 13, what is 2 - -16692?
16694
In base 9, what is -67 + 13376?
13308
In base 3, what is -12 + -100021202?
-100021221
In base 10, what is -22384 + -21?
-22405
In base 8, what is 3247 + 126?
3375
In base 8, what is -3 - -115037?
115034
In base 7, what is -153 - 266656?
-300142
In base 13, what is -375 + 10?
-365
In base 10, what is 25377 + 10?
25387
In base 6, what is 3 + -354531?
-354524
In base 7, what is 3 + -21615?
-21612
In base 16, what is -1a - -77f?
765
In base 9, what is 305743 - 3?
305740
In base 5, what is -10 - 3314202?
-3314212
In base 5, what is -131 + 4032?
3401
In base 3, what is 0 - 112220212011?
-112220212011
In base 6, what is -13453 - -3234?
-10215
In base 5, what is 1100222 - 121?
1100101
In base 9, what is -1136 - 36?
-1173
In base 9, what is 3 + 151535?
151538
In base 4, what is -22 + 11023000?
11022312
In base 4, what is 1032 + -313233?
-312201
In base 16, what is -260 + 48?
-218
In base 11, what is 7 + 11595?
115a1
In base 15, what is 0 - 2cba?
-2cba
In base 3, what is -22010 + 1022?
-20211
In base 15, what is -11 + 3573?
3562
In base 3, what is -1022002 + -102100?
-1201102
In base 2, what is 10001101 + -10001101?
0
In base 16, what is 84e4e - 4?
84e4a
In base 14, what is -9 + -7d3d?
-7d48
In base 11, what is -16926 + 0?
-16926
In base 2, what is 101 + 10111010001000100011?
10111010001000101000
In base 5, what is -1042431 + 2?
-1042424
In base 13, what is -77 + -1156?
-1200
In base 4, what is 3032312 - -3130?
3102102
In base 3, what is 2122202 - -100?
2200002
In base 7, what is -1 - -205221?
205220
In base 7, what is 63 + -42056?
-41663
In base 5, what is -1334 - 0?
-1334
In base 13, what is 480 + b3?
563
In base 14, what is 162a - -2?
162c
In base 10, what is 10 + 18448?
18458
In base 6, what is 13534 + 10014?
23552
In base 13, what is 368 + -35?
333
In base 6, what is 152 + -424341?
-424145
In base 15, what is -6a8 + 6?
-6a2
In base 11, what is 7789 + -4?
7785
In base 16, what is 2 - -42318?
4231a
In base 14, what is -105a2 + -2?
-105a4
In base 7, what is 5 + 320425?
320433
In base 4, what is 21331300 + -23?
21331211
In base 5, what is -10 - 232120?
-232130
In base 4, what is -2 - 1103232103?
-1103232111
In base 7, what is -5002236 - -3?
-5002233
In base 9, what is -6331 - 218?
-6550
In base 3, what is -10 + -1022201110?
-1022201120
In base 14, what is -5 - -5c8c?
5c87
In base 6, what is -1222352 - -105?
-1222243
In base 2, what is 11 - 100010000?
-100001101
In base 14, what is -1832b - 18?
-18345
In base 13, what is 9 + -4a0b6?
-4a0aa
In base 4, what is -3 + -113322223?
-113322232
In base 7, what is -22 + 46434?
46412
In base 12, what is 41a + 282?
6a0
In base 11, what is a - 1875?
-1866
In base 7, what is 43313 + 55?
43401
In base 5, what is -432 + -11031?
-12013
In base 10, what is -85 + -364?
-449
In base 5, what is -220 + -10030?
-10300
In base 13, what is -b8c + -5?
-b94
In base 7, what is 3 - 33061?
-33055
In base 12, what is -4 - -491a70?
491a68
In base 7, what is 0 - 324010?
-324010
In base 11, what is -502471 - 0?
-502471
In base 12, what is -2 - 4795?
-4797
In base 7, what is -11 - -11351?
11340
In base 13, what is -49 + 3cb?
382
In base 4, what is -11 + -1130213?
-1130230
In base 5, what is 30 - -2124211?
2124241
In base 16, what is ee + 95?
183
In base 8, what is 6 - 1044411?
-1044403
In base 6, what is 5323443 - -3?
5323450
In base 13, what is 19b9 + 794?
2480
In base 14, what is 5a4 - -49?
60d
In base 8, what is -34 - 531461?
-531515
In base 5, what is -1 - -322?
321
In base 12, what is -2 - 36184?
-36186
In base 14, what is -11974 + 0?
-11974
In base 7, what is 1222 + -6042?
-4520
In base 5, what is -420223400 - 4?
-420223404
In base 12, what is -4 + -4724?
-4728
In base 8, what is -1134314 - 4?
-1134320
In base 15, what is -2335 + -1b4?
-24e9
In base 7, what is 256 + 31?
320
In base 11, what is 91 + 9aa1?
a082
In base 3, what is -222201 + -112101?
-1112002
In base 16, what is 29fc - 5?
29f7
In base 4, what is -101320203 + 3?
-101320200
In base 6, what is -13003 + 23?
-12540
In base 13, what is 4 + -13b76?
-13b72
In base 12, what is 36b2 + -5?
36a9
In base 11, what is -15 - -2964?
294a
In base 14, what is 0 + -8b58?
-8b58
In base 14, what is 1c8 + -85?
143
In base 7, what is -626026 + 1?
-626025
In base 7, what is 2500 + 15520?
21320
In base 3, what is 112012 - -21102211?
21222000
In base 11, what is 0 + -66800?
-66800
In base 4, what is -2303 - 22110?
-31013
In base 2, what is 10011 + 111100101100?
111100111111
In base 14, what is -4 - 50633?
-50637
In base 2, what is 1110011 - -1100001001111001?
1100001011101100
In base 11, what is 1 - -33a77?
33a78
In base 3, what is -1 - 1002101021?
-1002101022
In base 2, what is 1 - -1000000001011?
1000000001100
In base 3, what is 111011112 + 12?
111011201
In base 2, what is 11001010111 + -1000111?
11000010000
In base 7, what is -5165 - -214?
-4651
In base 15, what is -176 + -cbb?
-e42
In base 2, what is 0 - 1100101001000101101?
-1100101001000101101
In base 7, what is 5 + 106011?
106016
In base 4, what is -11220002 + 231?
-11213111
In base 12, what is 6 + -10b7?
-10b1
In base 6, what is 14221020 + 4?
14221024
In base 13, what is 0 - 105b0?
-105b0
In base 8, what is -62571604 + 1?
-62571603
In base 4, what is 2211030130 + 2?
2211030132
In base 14, what is 5a2 + 2d?
5d1
In base 2, what is 1000100100100011001 - 0?
1000100100100011001
In base 15, what is 6 + 21a95?
21a9b
In base 3, what is 200202 - 2212112?
-2011210
In base 16, what is 20 - -b1?
d1
In base 16, what is 2 - -9ced?
9cef
In base 8, what is 7153 - -4?
7157
In base 10, what is 144 + -499?
-355
In base 6, what is -200 + 0?
-200
In base 12, what is -1b6b + -2?
-1b71
In base 11, what is -2a1816 - 2?
-2a1818
In base 10, what is 14447 + -194?
14253
In base 4, what is -11230131 + -220?
-11231011
In base 10, what is -35 - 41235?
-41270
In base 6, what is -4404430 - -2?
-4404424
In base 5, what is -10 + -133404?
-133414
In base 4, what is -13212 - -103?
-13103
In base 12, what is -5 + -157b46?
-157b4b
In base 7, what is 15 + 22561?
22606
In base 3, what is -122 - -21112?
20220
In base 3, what is -10121 + -112110?
-200001
In base 9, what is 532251 + 0?
532251
In base 7, what is -235 - -6152?
5614
In base 13, what is 5 - -9c12?
9c17
In base 4, what is -11 - -10331023?
10331012
In base 10, what is -2 - -5309?
5307
In base 10, what is 327078 - -2?
327080
In base 10, what is 98 + 53686?
53784
In base 4, what is 13101101 + 13?
13101120
In base 3, what is -2000 - 1210111?
-1212111
In base 6, what is -10 - 3123?
-3133
In base 7, what is -5 - -2602?
2564
In base 16, what is 2 + -1d47f?
-1d47d
In base 10, what is -15185 + 20?
-15165
In base 9, what is 0 + 2016?
2016
In base 11, what is 1 + -193000?
-192aaa
In base 11, what is a3 - 106?
-13
In base 4, what is 231221321